{"id":238,"date":"2021-02-17T15:00:59","date_gmt":"2021-02-17T14:00:59","guid":{"rendered":"http:\/\/wedkarz.d3pro.pl\/?page_id=238"},"modified":"2021-02-17T15:00:59","modified_gmt":"2021-02-17T14:00:59","slug":"reklama","status":"publish","type":"page","link":"http:\/\/wedkarz.d3pro.pl\/index.php\/reklama\/","title":{"rendered":"Reklama"},"content":{"rendered":"\n<p>Tre\u015b\u0107 z zak\u0142adk\u0105 reklamy<\/p>\n","protected":false},"excerpt":{"rendered":"<p>Tre\u015b\u0107 z zak\u0142adk\u0105 reklamy<\/p>\n","protected":false},"author":1,"featured_media":0,"parent":0,"menu_order":0,"comment_status":"closed","ping_status":"closed","template":"","meta":{"footnotes":""},"class_list":["post-238","page","type-page","status-publish"],"_links":{"self":[{"href":"http:\/\/wedkarz.d3pro.pl\/index.php\/wp-json\/wp\/v2\/pages\/238","targetHints":{"allow":["GET"]}}],"collection":[{"href":"http:\/\/wedkarz.d3pro.pl\/index.php\/wp-json\/wp\/v2\/pages"}],"about":[{"href":"http:\/\/wedkarz.d3pro.pl\/index.php\/wp-json\/wp\/v2\/types\/page"}],"author":[{"embeddable":true,"href":"http:\/\/wedkarz.d3pro.pl\/index.php\/wp-json\/wp\/v2\/users\/1"}],"replies":[{"embeddable":true,"href":"http:\/\/wedkarz.d3pro.pl\/index.php\/wp-json\/wp\/v2\/comments?post=238"}],"version-history":[{"count":1,"href":"http:\/\/wedkarz.d3pro.pl\/index.php\/wp-json\/wp\/v2\/pages\/238\/revisions"}],"predecessor-version":[{"id":239,"href":"http:\/\/wedkarz.d3pro.pl\/index.php\/wp-json\/wp\/v2\/pages\/238\/revisions\/239"}],"wp:attachment":[{"href":"http:\/\/wedkarz.d3pro.pl\/index.php\/wp-json\/wp\/v2\/media?parent=238"}],"curies":[{"name":"wp","href":"https:\/\/api.w.org\/{rel}","templated":true}]}}